en 11/((-44)/(-240)) + -4 is divided by -4 - -16 - (-9)/3?
11
Let n(j) = 18*j - 24. Let g be n(3). Suppose 2*r - 20 = -y, -4*y + 30 + g = -2*r. Calculate the remainder when y is divided by 15.
1
Let q be (-31 + 1)/(-1 - 1). Let d be 5*6/q - 8. Calculate the remainder when 45 is divided by (160/d)/5*-3.
13
Calculate the remainder when ((-63)/36 + 1)*-236 is divided by 45.
42
Suppose -5*u = 481 - 66. Let a = u - -99. What is the remainder when a is divided by 3?
1
Suppose 3*x = -12, 3*u - 5*x = 5*u - 82. What is the remainder when 509 is divided by u?
50
Let q(y) = 13*y + 1. Let h be q(4). Suppose -18 = 5*d - h. Let i(x) = 23*x + 3. What is the remainder when i(1) is divided by d?
5
Suppose 6*f - 278 - 112 = 0. Calculate the remainder when f is divided by (11*(-18)/(-297))/(4/66).
10
Let x = -15 + 19. Suppose 129 + 191 = 4*z + 3*v, x*z + 4*v = 324. What is the remainder when z is divided by 20?
17
Let b(i) = i**3 + 5*i**2 + 3*i + 1. Suppose -4 = k - 3*k. Suppose k + 2 = -u. Calculate the remainder when 14 is divided by b(u).
4
Let w = 2014 + -1976. What is the remainder when 237 is divided by w?
9
Suppose -7*q + 6*q + 165 = 3*z, z = -3*q + 47. What is the remainder when 91 is divided by z?
35
Suppose 0 = -4*j + 2*r, 2*j - 3*r = -2*j - 4. Let s(z) = 8*z**j - 2 + z - z. Calculate the remainder when s(3) is divided by 24.
22
Let z(l) = -6*l - 33. Let g be z(-5). Calculate the remainder when 2 + 1*178/(-6)*g is divided by 23.
22
Suppose 12*f - 94 = -22. Calculate the remainder when 2 + 22 + 5 + -2 is divided by f.
3
Suppose 2*m - 204 = 4*q, 38 - 13 = 5*q. What is the remainder when 331 is divided by m?
107
Calculate the remainder when 373 is divided by 19 - (-30)/(-6) - (-6 + 1).
12
Let o = 5 - 1. What is the remainder when (848/24)/(o/6) is divided by (-23 + -1)*(-3)/4?
17
Suppose -4*d + 1 = -15. Suppose d*z - 125 = -13. Let h = z - 15. Calculate the remainder when 24 is divided by h.
11
Let f be (-6 + -16)/(4/(-6)). Suppose 15 = f*a - 32*a. What is the remainder when 87 is divided by a?
12
Suppose -32 + 92 = 5*q. Suppose 0 = -7*l + 1 + 230. Calculate the remainder when l is divided by q.
9
Let s = -61 - -3. What is the remainder when 2/(4/s*-1) is divided by 11?
7
Suppose 0 = 2*v - 0*v - 5*l - 122, 3*l = -v + 39. Let w = 14 + 36. Suppose -4*j = -2*n - w, 2*n + 37 = 3*j - 0*n. What is the remainder when v is divided by j?
12
Suppose -5*i - n = -221, -i - 5*n = -4*i + 127. Suppose 4*r - 4*q = i, q + 2 - 6 = 0. What is the remainder when 29 is divided by r?
14
Let i(z) = z**3 + 9*z**2 + 4*z - 6. Calculate the remainder when 622 is divided by i(-6).
76
Suppose 55 = 3*r - 2. Calculate the remainder when (1 + -3)/((-4)/110) is divided by r.
17
Let f(o) = -2*o + 6. Let l be f(2). Suppose -5*h + l*h = -63. What is the remainder when h is divided by 1 - 1 - -1*12?
9
Suppose -4*h + 37 = 4*p - 23, -4*h + 3*p = -32. What is the remainder when 252 is divided by h?
10
Suppose 20 = 3*l + l. Suppose -l*w + 5 + 4 = d, -3*d + 45 = -3*w. What is the remainder when 38 is divided by d?
10
Suppose j - 46 = -2*a - j, 0 = 2*a - 4*j - 40. Suppose 34 = 8*s - a. What is the remainder when 26 is divided by s?
5
Let c(y) = -y**3 + 7*y**2 + 21*y - 6. Suppose 5 = -w - 23. Let t = -16 - w. What is the remainder when c(-3) is divided by t?
9
Suppose 6*o - 14*o + 80 = 0. Calculate the remainder when 56 is divided by o.
6
Suppose -3*x - 3*i - 18 = 0, 2 - 60 = 3*x - 5*i. Let u = 1 - x. Calculate the remainder when 34 is divided by u.
10
Let q(s) = -2*s**3 + 8*s**2 - 4*s - 3. Let b be q(5). Let h = b - -122. Suppose -51 - h = -5*g. Calculate the remainder when 79 is divided by g.
19
Let z(s) = 2*s**3 + 11*s**2 - 2*s - 12. What is the remainder when 319 is divided by z(-5)?
20
Suppose 5*h - 706 = -n, 5*h = 2*n + 3 + 700. What is the remainder when h is divided by 13?
11
Let h = -30 + 25. Calculate the remainder when 47 is divided by 1640/100 + 2/h.
15
Let i = 32 + -11. Calculate the remainder when 68 is divided by i.
5
Let j(m) = -21*m - 543. Let f = -51 + 121. Calculate the remainder when f is divided by j(-27).
22
Suppose 4*x - 13 - 18 = -5*r, 3*r = 2*x + 1. Let j be 17*((4 - x) + 2). Suppose -59 - j = -3*v. What is the remainder when v is divided by 16?
15
Let x be (-8)/(-20) - 56/(-10). Suppose 19 = 4*j - 5*h, -5*h + x + 11 = 2*j. What is the remainder when 53 is divided by j?
5
Let b(u) = 798*u - 35. Let c(o) = -47*o + 2. Let k(q) = -2*b(q) - 35*c(q). Let t(n) = -797*n - 772. Calculate the remainder when k(1) is divided by t(-1).
24
Suppose -4*n + 242 = 5*q, -4*n + 5 = 13. Suppose 52 + 2 = 3*c. Calculate the remainder when q is divided by c.
14
Suppose 0 = -16*v - 83 + 243. Suppose 0 = 3*d + g - 2 - 7, 16 = d - 4*g. Calculate the remainder when v is divided by d.
2
Suppose 11*z - 213 = 447. Calculate the remainder when 169 is divided by z.
49
Let m(r) = r - 11. Let v be m(16). Suppose 136 = 2*k - 2*s, -91 - 59 = -2*k - v*s. What is the remainder when k is divided by 36?
34
Let y(o) = 49*o - 1 - 20*o - 20*o. What is the remainder when 65 is divided by y(2)?
14
Suppose 85*d = 124*d - 273. Let f = -40 + 65. Calculate the remainder when f is divided by d.
4
Let m(b) = 449*b - 3577. Suppose 8 = -f - f. Let o(q) = -15*q - 2. What is the remainder when o(f) is divided by m(8)?
13
Let c be (-5)/(-2)*104/10. Let a = -44 + c. What is the remainder when 13 is divided by 423/81 + 4/a?
3
Suppose 8 = -4*j + 4*d, 2*j - 4 = d - 6. Suppose j = -2*u - v - 3*v + 108, -2*v - 54 = -u. Calculate the remainder when u is divided by 28.
26
Let i = 32 - 38. Suppose -s = -3 - 4. Calculate the remainder when 82/(-1)*3/i is divided by s.
6
Let z(k) = 10*k. Let f(i) = -i**2 + i + 4. Let r be f(2). What is the remainder when 37 is divided by z(r)?
17
Let h(x) = -3*x**2 + 15*x - 6. Let l be h(4). Let s(n) = 13*n - 60. What is the remainder when 71 is divided by s(l)?
17
Suppose -8*c = -3*c + 15. Let t be c*1*14/21. What is the remainder when 68 is divided by (-26 - 4 - t)/(-2)?
12
Let z = -11 + 25. Let a be ((-10)/(-45))/(1/9). Suppose a*m = 4 + z. Calculate the remainder when m is divided by 5.
4
Calculate the remainder when (-457)/(14 + -18 + 14/4) is divided by 61.
60
Suppose -2*f = 5*v + 163, 3*v + 3*f - 36 = -132. Let j = v + 45. Calculate the remainder when 34 is divided by j.
10
Suppose -4*s + 36 = 3*m, -3*s + 6*s - m = 27. Suppose 3*c - 7 = 32. Let i = c + s. What is the remainder when 63 is divided by i?
19
Let i(x) = 5*x**2 + 2*x - 2. Let z be i(-2). What is the remainder when 63 is divided by 1/((-5)/15) + z?
8
Let d = 10 + -7. Suppose 7*h - 20 = d*h. What is the remainder when (2 - (-2 - -2))*9 is divided by h?
3
Let d(r) = -10*r**3 - 4*r**2 - 3*r - 2. What is the remainder when d(-2) is divided by 351/15 - 87/(-145)?
20
Let k(g) = g + 17. Let x be k(-4). Let w = 10 - x. Let a = 27 - w. Calculate the remainder when a is divided by 8.
6
Let p be (-62)/279 + 1*(-317)/(-9). Calculate the remainder when (-2)/p*-5 - 257/(-7) is divided by (30/(-8))/((-6)/16).
7
Let d be (-3)/(-1) - (-28)/7. Let k = 52 + -37. Calculate the remainder when (91 - 3/3) + -10 + d is divided by k.
12
Suppose 35 = 5*a + 2*w + 110, 0 = 3*a - 2*w + 61. Let i(p) = -4*p - 57. What is the remainder when 30 is divided by i(a)?
8
Suppose -4*q = -0*q + 40. Calculate the remainder when q/(0 + (-2)/5) is divided by ((-26)/(-4))/((-3)/36*-6).
12
Let p = -49 - -21. Let v = -11 - p. What is the remainder when v is divided by 11?
6
Let y(k) = 2*k**3 - 3*k**2 - 11. Let i be y(3). What is the remainder when 32 is divided by 2 + 21/2*i/24?
5
Suppose 4*b - 312 = 2*g, 8*g + 84 = b + 9*g. Calculate the remainder when (29 + 1)*(b/15 + -4) is divided by 27.
13
Let s = -506 + 522. Calculate the remainder when 424 is divided by s.
8
Let y(a) = -2*a - 6. Let v be y(-4). Let k(i) = -i + 4. Calculate the remainder when v - (-1 + 4) - -3 is divided by k(2).
0
Let n(d) = 8*d - 6*d - 12*d**2 + 5*d. Let x be n(2). Calculate the remainder when 24 is divided by (-27)/2*x/51.
6
Suppose -5*d - 16 + 71 = 0. Suppose 3*u + 320 = 5*r, u - 184 = -5*r + 116. Let k = r - 41. Calculate the remainder when k is divided by d.
9
Calculate the remainder when ((-7)/(-3) - 2)/(8/2544) is divided by 18.
16
Let f be 14/21*(3 + 0) - -18. Calculate the remainder when 33 + 14/(